?
1713
What is the remainder when 4704918 is divided by 1418?
1412
What is the remainder when 466086 is divided by 51?
48
Calculate the remainder when 235461 is divided by 58838.
109
What is the remainder when 595164072 is divided by 8987?
8984
Calculate the remainder when 446661418 is divided by 1537.
1533
Calculate the remainder when 1194537 is divided by 736.
9
What is the remainder when 96451 is divided by 19025?
1326
Calculate the remainder when 43526260 is divided by 426728.
4
What is the remainder when 165479 is divided by 3943?
3816
What is the remainder when 1347253 is divided by 270?
223
Calculate the remainder when 668323 is divided by 24.
19
What is the remainder when 1010808 is divided by 336921?
45
What is the remainder when 70544058 is divided by 281052?
6
What is the remainder when 2296154 is divided by 221?
185
What is the remainder when 181750 is divided by 60545?
115
What is the remainder when 10758599 is divided by 2689642?
31
Calculate the remainder when 51208470 is divided by 6146.
6144
Calculate the remainder when 6242192 is divided by 1466.
1430
Calculate the remainder when 22572240 is divided by 1970.
1950
What is the remainder when 102281 is divided by 16992?
329
Calculate the remainder when 67144989 is divided by 20846.
23
Calculate the remainder when 15303913 is divided by 84.
37
Calculate the remainder when 14916 is divided by 94.
64
Calculate the remainder when 10213639 is divided by 3560.
3559
Calculate the remainder when 363933 is divided by 776.
765
What is the remainder when 896584 is divided by 692?
444
Calculate the remainder when 1675724 is divided by 1134.
806
What is the remainder when 269205315 is divided by 1711?
1708
What is the remainder when 145664865 is divided by 12?
9
Calculate the remainder when 186948 is divided by 6416.
884
What is the remainder when 36438 is divided by 20611?
15827
What is the remainder when 2188425 is divided by 1254?
195
Calculate the remainder when 10198472 is divided by 391.
19
Calculate the remainder when 3159464542 is divided by 9.
7
What is the remainder when 12531043 is divided by 391591?
131
Calculate the remainder when 79496 is divided by 26114.
1154
What is the remainder when 1109232 is divided by 14?
12
What is the remainder when 1727006 is divided by 246075?
4481
Calculate the remainder when 64746 is divided by 58623.
6123
What is the remainder when 68369256 is divided by 3154?
3152
Calculate the remainder when 1680909 is divided by 285.
264
What is the remainder when 8833663 is divided by 1472244?
199
What is the remainder when 1921787 is divided by 454?
5
Calculate the remainder when 6149097 is divided by 439216.
73
Calculate the remainder when 2037407 is divided by 3.
2
What is the remainder when 355537724 is divided by 21?
17
Calculate the remainder when 131382 is divided by 2410.
1242
Calculate the remainder when 11886543 is divided by 130.
123
Calculate the remainder when 12527574 is divided by 6.
0
What is the remainder when 3197880 is divided by 788?
176
Calculate the remainder when 4892876 is divided by 888.
884
Calculate the remainder when 35179418 is divided by 20.
18
Calculate the remainder when 1325 is divided by 129.
35
Calculate the remainder when 29282 is divided by 1010.
1002
What is the remainder when 26470618 is divided by 179?
98
Calculate the remainder when 4907881 is divided by 134.
131
Calculate the remainder when 161379 is divided by 53792.
3
Calculate the remainder when 654162 is divided by 4721.
2664
What is the remainder when 23162 is divided by 607?
96
What is the remainder when 1186009 is divided by 395328?
25
What is the remainder when 206954 is divided by 103331?
292
Calculate the remainder when 460369 is divided by 401.
21
What is the remainder when 108156 is divided by 2081?
2025
What is the remainder when 10075831 is divided by 31?
25
What is the remainder when 485512 is divided by 3194?
24
Calculate the remainder when 7372 is divided by 7077.
295
What is the remainder when 13523 is divided by 1732?
1399
What is the remainder when 2952293 is divided by 421754?
15
Calculate the remainder when 185648029 is divided by 239.
238
Calculate the remainder when 955936 is divided by 214.
212
Calculate the remainder when 508016 is divided by 56440.
56
Calculate the remainder when 9057 is divided by 1737.
372
What is the remainder when 238529199 is divided by 25?
24
What is the remainder when 136705 is divided by 6205?
195
What is the remainder when 57340915 is divided by 9?
7
Calculate the remainder when 43203868 is divided by 17124.
16
What is the remainder when 18127 is divided by 12382?
5745
Calculate the remainder when 2672780 is divided by 1285.
1265
Calculate the remainder when 10596631 is divided by 985.
1
What is the remainder when 31773360 is divided by 1640?
0
What is the remainder when 5704685 is divided by 3910?
3905
Calculate the remainder when 28049677 is divided by 24391.
27
What is the remainder when 292277 is divided by 356?
1
What is the remainder when 451269 is divided by 450?
369
Calculate the remainder when 1122928 is divided by 717.
106
Calculate the remainder when 33600 is divided by 11136.
192
What is the remainder when 741652 is divided by 1868?
56
Calculate the remainder when 128878 is divided by 3145.
3078
What is the remainder when 2727123 is divided by 4420?
4403
Calculate the remainder when 121061754 is divided by 18545.
18539
Calculate the remainder when 2363866 is divided by 4935.
1
What is the remainder when 1350571 is divided by 150061?
22
Calculate the remainder when 161174 is divided by 622.
76
Calculate the remainder when 11957399 is divided by 1820.
1819
Calculate the remainder when 1510230 is divided by 230.
50
Calculate the remainder when 4292 is divided by 1989.
314
What is the remainder when 14614344 is divided by 7307139?
66
Calculate the remainder when 1132616 is divided by 3341.
17
What is the remainder when 108185 is divided by 26994?
209
What is the remainder when 84105 is divided by 343?
70
What is the remainder when 55972011 is divided by 363?
315
What is the remainder when 267373 is divided by 59?
44
What is the remainder when 21063287 is divided by 8?
7
What is the remainder when 89320 is divided by 49?
42
Calculate the remainder when 549194 is divided by 96.
74
What is the remainder when 244021 is divided by 61002?
13
Calculate the remainder when 33973458 is divided by 80126.
34
What is the remainder when 20081 is divided by 5380?
3941
What is the remainder when 201737 is divided by 100861?
15
Calculate the remainder when 180390 is divided by 2254.
70
Calculate the remainder when 57177731 is divided by 44.
39
What is the remainder when 2108045 is divided by 174?
35
What is the remainder when 1931935 is divided by 101679?
34
Calculate the remainder when 3389857 is divided by 2428.
369
What is the remainder when 158696 is divided by 2197?
512
Calculate the remainder when 3349175 is divided by 3349161.
14
Calculate the remainder when 31778 is divided by 111.
32
What is the remainder when 14335430 is divided by 14335423?
7
What is the remainder when 104549 is divided by 1800?
149
Calculate the remainder when 164523 is divided by 1362.
1083
What is the remainder when 1629373 is divided by 814666?
41
What is the remainder when 507964 is divided by 1439?
1436
What is the remainder when 19798232 is divided by 882?
860
What is the remainder when 3461897 is divided by 81?
38
Calculate the remainder when 3206008 is divided by 7916.
28
Calculate the remainder when 23216006 is divided by 58.
56
Calculate the remainder when 27795 is divided by 10.
5
What is the remainder when 6807298 is divided by 19394?
4
What is the remainder when 131610 is divided by 17?
13
Calculate the remainder when 202450 is divided by 8756.
1062
Calculate the remainder when 25259000 is divided by 973.
893
Calculate the remainder when 2705380 is divided by 637.
41
Calculate the remainder when 91438652 is divided by 32.
28
Calculate the remainder when 2141595 is divided by 1070795.
5
What is the remainder when 112212 is divided by 37399?
15
What is the remainder when 25748 is divided by 2245?
1053
What is the remainder when 60692288 is divided by 110?
8
What is the remainder when 87069 is divided by 370?
119
Calculate the rema